te the highest common factor of 182 and 38855418.
14
What is the greatest common factor of 31153295 and 62?
31
What is the greatest common factor of 30536 and 2745776?
88
What is the greatest common divisor of 564691 and 13837?
101
What is the greatest common divisor of 1409979970 and 1502?
1502
Calculate the greatest common divisor of 275 and 170510950.
25
Calculate the greatest common divisor of 39394210 and 480.
10
Calculate the greatest common factor of 21954800 and 62800.
400
Calculate the highest common divisor of 118 and 379783.
59
Calculate the highest common divisor of 10 and 235038410.
10
Calculate the highest common factor of 181724432 and 128.
16
What is the greatest common factor of 113712 and 1061724?
1236
What is the highest common divisor of 39391104 and 532?
76
What is the greatest common factor of 682 and 7014122?
62
What is the greatest common factor of 1136801 and 434?
31
What is the greatest common factor of 125676 and 1218359?
3491
What is the greatest common divisor of 8059978 and 9824?
614
What is the highest common divisor of 3884592 and 96?
48
Calculate the greatest common factor of 10508764 and 356.
356
What is the highest common factor of 17794 and 1274468559?
8897
What is the greatest common factor of 81236 and 4324?
92
Calculate the highest common divisor of 153238706 and 1598.
94
Calculate the greatest common factor of 60395 and 1224110018.
12079
Calculate the greatest common divisor of 777 and 11688189.
111
Calculate the greatest common divisor of 583 and 2479234.
53
Calculate the highest common divisor of 9510456 and 348.
12
What is the greatest common factor of 55812304 and 6638?
6638
Calculate the greatest common factor of 15941904 and 2001048.
6648
What is the highest common factor of 2237439 and 12?
3
Calculate the highest common divisor of 19 and 22660426.
19
Calculate the greatest common factor of 189770042 and 3234.
1078
Calculate the greatest common divisor of 188 and 11225997.
47
What is the greatest common factor of 36728602 and 778?
778
What is the greatest common factor of 1080 and 74841840?
1080
What is the highest common divisor of 687 and 45035369?
229
What is the highest common divisor of 889 and 346737559?
889
Calculate the highest common divisor of 737868 and 24786.
102
Calculate the highest common factor of 8800190 and 2100.
70
What is the greatest common factor of 952 and 1210958?
14
What is the highest common factor of 78129832 and 88?
88
What is the greatest common divisor of 353177 and 56551?
1067
What is the highest common factor of 7090110 and 170?
10
What is the highest common divisor of 21743 and 78419327?
1279
Calculate the highest common factor of 1248026 and 39.
13
Calculate the greatest common factor of 8790 and 125359464.
1758
Calculate the greatest common divisor of 247156 and 143948.
2716
What is the greatest common divisor of 14998689 and 17253?
243
What is the highest common factor of 60 and 3179565?
15
Calculate the highest common factor of 826848 and 54864.
432
What is the highest common divisor of 11173988 and 154?
14
Calculate the greatest common factor of 1396474 and 309.
103
What is the highest common divisor of 31260 and 349620?
60
What is the greatest common factor of 97875 and 39735?
45
Calculate the greatest common factor of 320488 and 376.
8
Calculate the greatest common divisor of 7143833 and 269.
269
What is the highest common factor of 4656 and 2166848?
16
What is the highest common divisor of 12337 and 539279?
169
What is the highest common divisor of 320 and 245394240?
320
Calculate the highest common factor of 334972 and 4508.
92
What is the highest common factor of 6102096 and 69850?
2794
Calculate the greatest common divisor of 396 and 8723308.
44
What is the highest common factor of 4830 and 5629596?
42
Calculate the highest common divisor of 4314618 and 250470.
2178
What is the highest common divisor of 414 and 1244718?
18
What is the highest common factor of 34240 and 13052288?
6848
Calculate the highest common divisor of 5382882 and 31374.
4482
Calculate the greatest common factor of 750 and 423880.
10
What is the highest common divisor of 4610 and 285920?
10
What is the highest common factor of 135 and 1082688345?
45
Calculate the greatest common factor of 101 and 39242540.
101
What is the highest common factor of 7717895 and 10412?
2603
Calculate the highest common factor of 7429424 and 52.
4
What is the highest common factor of 1643523 and 7259?
427
What is the greatest common divisor of 368 and 14466632?
184
Calculate the highest common divisor of 12288 and 86928.
48
What is the highest common factor of 9232 and 12310295?
577
Calculate the greatest common divisor of 47288090 and 10.
10
What is the highest common factor of 4617 and 47692128?
57
Calculate the greatest common divisor of 40692 and 2172.
12
Calculate the highest common factor of 2435 and 192043580.
2435
Calculate the highest common factor of 534 and 510774.
6
Calculate the highest common factor of 9416 and 149096.
8
What is the highest common factor of 19454 and 1035583?
137
Calculate the highest common divisor of 68 and 241002455.
17
Calculate the greatest common divisor of 19332 and 882900.
108
What is the greatest common factor of 2955273 and 3678?
1839
Calculate the highest common factor of 24 and 29385720.
24
Calculate the greatest common divisor of 3359163 and 12924.
1077
Calculate the highest common divisor of 4485993 and 1917.
213
What is the greatest common factor of 10420 and 1386733196?
2084
Calculate the highest common divisor of 56960 and 960832.
64
What is the greatest common divisor of 12 and 23002308?
12
Calculate the greatest common factor of 161240032 and 8.
8
What is the greatest common divisor of 2047887 and 55044?
1251
Calculate the greatest common factor of 304236549 and 981.
981
Calculate the highest common factor of 716 and 2781839.
179
Calculate the highest common factor of 500 and 176655250.
250
What is the greatest common factor of 320 and 9361760?
160
Calculate the highest common divisor of 5384995 and 5.
5
What is the greatest common factor of 4 and 13605554?
2
What is the greatest common factor of 7938 and 8767764?
162
What is the highest common factor of 813274 and 68530?
154
Calculate the greatest common factor of 1451632 and 31264.
16
What is the highest common factor of 84689 and 206664257?
7699
What is the highest common divisor of 172989 and 63081?
387
Calculate the greatest common factor of 10379282 and 170.
34
Calculate the highest common divisor of 81 and 2406762.
9
Calculate the greatest common factor of 7371 and 27667899.
567
Calculate the greatest common divisor of 923948 and 85951.
101
What is the greatest common divisor of 50919364 and 1688?
844
Calculate the highest common divisor of 482407548 and 24.
12
Calculate the greatest common divisor of 13433116 and 414500.
3316
What is the greatest common divisor of 5495544 and 1143?
1143
What is the highest common divisor of 529132464 and 3024?
1008
Calculate the highest common divisor of 131373441 and 27.
27
What is the greatest common divisor of 6 and 18267546?
6
Calculate the highest common divisor of 1265 and 18150473.
253
What is the greatest common factor of 144626432 and 1168?
1168
What is the greatest common factor of 96037 and 2101598?
701
Calculate the highest common factor of 211 and 4099519.
211
Calculate the greatest common factor of 46293071 and 554.
277
Calculate the highest common divisor of 349149 and 1461.
3
What is the greatest common factor of 19154208 and 81?
3
Calculate the highest common divisor of 40626036 and 858.
66
Calculate the highest common divisor of 29462 and 1309718479.
14731
Calculate the highest common factor of 1362360 and 145.
5
Calculate the greatest common divisor of 1192 and 127641148.
596
What is the greatest common factor of 87086493 and 4329?
4329
What is the greatest common divisor of 61 and 799818580?
61
Calculate the greatest common divisor of 24764 and 764158.
82
Calculate the highest common factor of 521495 and 112435.
565
What is the greatest common factor of 49590693 and 333?
333
Calculate the greatest common factor of 1621 and 275894200.
1621
What is the highest common factor of 12786246 and 594?
198
Calculate the highest common factor of 730808